 1157?
True
Does 12 divide 5988?
True
Is 10 a factor of 100?
True
Does 73 divide 12921?
True
Does 48 divide 58?
False
Is 384 a multiple of 30?
False
Is 2 a factor of 241?
False
Is 10 a factor of 1507?
False
Is 299 a multiple of 37?
False
Is 1313 a multiple of 54?
False
Does 10 divide 880?
True
Does 39 divide 6542?
False
Is 34 a factor of 6626?
False
Does 59 divide 11547?
False
Does 101 divide 7555?
False
Is 10 a factor of 3451?
False
Is 1112 a multiple of 24?
False
Is 94 a multiple of 47?
True
Is 221 a factor of 30719?
True
Is 960 a multiple of 20?
True
Is 45030 a multiple of 114?
True
Does 19 divide 9462?
True
Is 156 a factor of 22555?
False
Is 8 a factor of 3127?
False
Is 9 a factor of 1143?
True
Does 31 divide 541?
False
Does 10 divide 1339?
False
Does 65 divide 910?
True
Does 3 divide 414?
True
Is 3913 a multiple of 39?
False
Is 15 a factor of 1575?
True
Does 7 divide 2387?
True
Is 35 a factor of 14211?
False
Is 23296 a multiple of 16?
True
Is 34 a multiple of 34?
True
Does 5 divide 185?
True
Does 17 divide 840?
False
Is 212 a multiple of 7?
False
Does 50 divide 10200?
True
Does 3 divide 333?
True
Is 965 a multiple of 10?
False
Is 73 a factor of 29419?
True
Is 158 a multiple of 2?
True
Does 24 divide 17699?
False
Is 13 a factor of 45?
False
Is 117 a factor of 2025?
False
Is 3 a factor of 609?
True
Does 4 divide 8922?
False
Is 15 a factor of 1155?
True
Is 3811 a multiple of 37?
True
Does 14 divide 4270?
True
Does 17 divide 5400?
False
Does 9 divide 22?
False
Is 10 a factor of 2723?
False
Is 5 a factor of 751?
False
Does 34 divide 1666?
True
Is 150 even?
True
Is 362 a factor of 41630?
True
Is 110 a multiple of 10?
True
Does 37 divide 185?
True
Is 748 a multiple of 10?
False
Does 43 divide 16340?
True
Is 19 a factor of 5472?
True
Is 104 even?
True
Is 49685 a multiple of 51?
False
Is 834 a multiple of 70?
False
Is 10080 a multiple of 54?
False
Is 34 a factor of 185?
False
Does 39 divide 468?
True
Does 2 divide 145?
False
Is 1480 a multiple of 53?
False
Is 1538 a multiple of 19?
False
Does 5 divide 227?
False
Is 54 a factor of 3795?
False
Is 475 a multiple of 5?
True
Is 28 a factor of 112?
True
Is 580 a multiple of 4?
True
Is 666 a multiple of 18?
True
Does 16 divide 128?
True
Does 69 divide 9991?
False
Is 19 a factor of 11239?
False
Is 145 a multiple of 22?
False
Is 22 a factor of 802?
False
Does 35 divide 37100?
True
Does 3 divide 1674?
True
Does 33 divide 330?
True
Does 17 divide 237?
False
Does 64 divide 6021?
False
Is 12530 a multiple of 7?
True
Is 5 a factor of 4320?
True
Is 13 a factor of 1608?
False
Does 22 divide 21890?
True
Is 21 a factor of 1288?
False
Is 82 a factor of 3362?
True
Is 9 a factor of 306?
True
Is 1935 a multiple of 45?
True
Is 1960 a multiple of 20?
True
Is 20 a factor of 2687?
False
Is 845 a multiple of 5?
True
Is 1936 a multiple of 26?
False
Is 42 a factor of 19582?
False
Is 22 a factor of 45408?
True
Is 31 a factor of 310?
True
Is 339 a factor of 37761?
False
Is 14931 a multiple of 215?
False
Is 671 a multiple of 2?
False
Is 128 a multiple of 16?
True
Is 5194 a multiple of 93?
False
Does 13 divide 3432?
True
Does 39 divide 15600?
True
Is 150 a multiple of 7?
False
Does 59 divide 1780?
False
Is 480 a multiple of 40?
True
Is 228 a multiple of 3?
True
Does 6 divide 1236?
True
Is 24750 a multiple of 110?
True
Is 36 a factor of 10512?
True
Is 4 a factor of 5360?
True
Does 36 divide 6876?
True
Does 12 divide 82260?
True
Is 16 a factor of 31952?
True
Does 192 divide 5760?
True
Does 18 divide 468?
True
Does 7 divide 9090?
False
Is 14168 a multiple of 11?
True
Is 37 a factor of 499?
False
Is 6 a factor of 150?
True
Is 728 a multiple of 56?
True
Does 34 divide 75925?
False
Does 21 divide 6447?
True
Does 4 divide 4?
True
Does 4 divide 129?
False
Is 24 a factor of 3440?
False
Is 11 a factor of 1529?
True
Is 3297 a multiple of 2?
False
Is 48 a factor of 98086?
False
Does 13 divide 5114?
False
Does 94 divide 38725?
False
Does 17 divide 38454?
True
Is 11 a factor of 18466?
False
Is 778 a multiple of 29?
False
Is 317 a factor of 67204?
True
Is 20 a factor of 1167?
False
Is 5484 a multiple of 20?
False
Does 61 divide 29829?
True
Is 341 a multiple of 6?
False
Does 19 divide 1672?
True
Does 181 divide 2536?
False
Does 11 divide 11409?
False
Is 1576 a multiple of 24?
False
Does 2 divide 35?
False
Is 1248 a multiple of 16?
True
Is 13 a factor of 468?
True
Does 63 divide 4851?
True
Is 40 a factor of 7920?
True
Does 51 divide 90607?
False
Is 487 a multiple of 21?
False
Is 44172 a multiple of 54?
True
Is 32 a factor of 416?
True
Is 19560 a multiple of 30?
True
Is 203 a multiple of 7?
True
Is 30 a factor of 3009?
False
Is 164 a factor of 15908?
True
Is 693 a multiple of 9?
True
Is 1281 a multiple of 61?
True
Is 3131 a multiple of 3?
False
Is 798 a multiple of 42?
True
Does 201 divide 804?
True
Is 9 a factor of 2237?
False
Does 17 divide 289?
True
Is 164 a multiple of 78?
False
Is 93 a factor of 558?
True
Is 34 a factor of 578?
True
Is 72 even?
True
Does 21 divide 1911?
True
Is 14265 a multiple of 8?
False
Is 129 a multiple of 4?
False
Is 34 a factor of 20449?
False
Is 39 a factor of 4056?
True
Is 15456 a multiple of 84?
True
Is 69 a factor of 58332?
False
Is 11 a factor of 1004?
False
Is 294 a multiple of 6?
True
Is 65 a factor of 3508?
False
Is 18 a factor of 990?
True
Is 5298 a multiple of 64?
False
Is 60 a factor of 900?
True
Does 13 divide 38035?
False
Is 29 a factor of 1009?
False
Is 228 a multiple of 12?
True
Is 44872 a multiple of 55?
False
Does 5 divide 178?
False
Is 672 a multiple of 21?
True
Does 76 divide 20520?
True
Does 15 divide 407?
False
Is 4074 a multiple of 6?
True
Does 14 divide 5593?
False
Is 17153 a multiple of 214?
False
Is 5763 a multiple of 17?
True
Does 12 divide 301?
False
Is 37 a factor of 370?
True
Does 170 divide 26761?
False
Is 160 a multiple of 32?
True
Is 13776 a multiple of 28?
True
Is 157 a factor of 17568?
False
Is 52924 a multiple of 28?
False
Does 63 divide 252?
True
Is 56 a factor of 1568?
True
Is 11 a factor of 6039?
True
Does 16 divide 401?
False
Is 8 a factor of 34400?
True
Is 138 a multiple of 4?
False
Does 25 divide 3755?
False
Is 19185 a multiple of 15?
True
Is 10381 a multiple of 58?
False
Is 5 a factor of 230?
True
Is 2602 a multiple of 61?
False
Is 69 a factor of 96?
False
Does 10 divide 206?
False
Is 4 a factor of 668?
True
Does 3 divide 2653?
False
Is 6202 a multiple of 14?
True
Does 68 divide 10745?
False
Is 1098 a multiple of 6?
True
Is 508 a multiple of 37?
False
Is 12 a factor of 2724?
True
Is 152 a multiple of 8?
True
Is 19 a factor of 7752?
True
Does 18 divide 39848?
False
Does 21 divide 1176?
True
Is 285 a multiple of 19?
True
Is 3604 a multiple of 34?
True
Is 3225 a multiple of 25?
True
Does 12 divide 938?
False
Is 28141 a multiple of 107?
True
Is 39 a factor of 33228?
True
Does 9 divide 4077?
True
Is 1499 a multiple of 7?
False
Does 12 divide 6084?
True
Is 79 a factor of 1659?
True
Is 4525 a multiple of 135?
False
Is 17 a factor of 3197?
False
Is 129 a factor of 6355?
False
Is 10142 a multiple of 22?
True
Is 14 a multiple of 14?
True
Is 89300 a multiple of 76?
True
Is 7 a factor of 420?
True
Is 5 a factor of 275?
True
Is 75144 a multiple of 186?
True
Does 28 divide 3808?
True
Does 9 divide 583?
False
Does 12 divide 117461?
False
Is 948 a multiple of 4?
True
Is 15 a multiple of 15?
True
Does 26 divide 5174?
True
Is 10 a factor of 570?
True
Is 54270 a multiple of 270?
True
Is 1650 a multiple of 55?
True
Is 1479 a multiple of 87?
True
Does 49 divide 1078?
True
Is 14 a factor of 3526?
False
Is 256 a multiple of 16?
True
Is 6992 a multiple of 46?
True
Is 419 a multiple of 10?
False
Is 39 a factor of 1007?
False
Is 173 a factor of 12311?
False
Is 1197 a multiple of 7?
True
Is 1430 a multiple of 110?
True
Is 13338 a multiple of 24?
False
Does 5 divide 330?
True
Is 22 a factor of 219?
False
Does 84 divide 575?
False
Does 12 divide 1417?
False
Does 40 divide 2240?
True
Does 15 divide 1557?
False
Is 185 a factor of 106594?
False
Is 2641 a multiple of 14?
False
Is 14 a factor of 42?
True
Is 185 a multiple of 3?
False
Is 4 a factor of 4795?
False
Does 9 divide 15768?
True
Is 559 a multiple of 13?
True
Is 1859 a multiple of 11?
True
Does 4 divide 344?
True
Does 23 divide 1058?
True
Does 117 d